e -d = d - 58. Let o = d - 18. Let s = 1 + o. List the prime factors of s.
2, 3
Suppose 5*s + 18 = 4*s. Let o = 29 + s. What are the prime factors of o?
11
Suppose 0 = 2*q + q - 264. Suppose -q = 4*a - 8*a. Let l = a - 6. What are the prime factors of l?
2
List the prime factors of 93/(0 + -4 + (-26)/(-6)).
3, 31
Let n be ((-1)/3)/((-2)/18). Suppose 3*u = -3*g + 21, -3*g - n*u + 8*u - 11 = 0. Suppose -g*j + 7 = 1. What are the prime factors of j?
2
Let i be (-3)/(4/(8/(-3))). Suppose 0*x = -5*x - 20, 2*x = -i*h + 88. Suppose b - 3*f = 22, -2*b + h = 2*b - 2*f. What are the prime factors of b?
2, 5
Suppose 3*u = u - 22. Let y = u + 22. Let a = 21 - y. List the prime factors of a.
2, 5
Suppose 4*t - 604 = 4*u, t - u - u = 155. List the prime factors of t.
3, 7
Let z(c) = -2*c**2 - c - 3 + 7*c**2 + 1 - c. What are the prime factors of z(2)?
2, 7
Suppose 2*v + 6 - 24 = 0. List the prime factors of 10*(v/(-6))/(-3).
5
Suppose -2*t = -3*d - 81, -d + 3*t - 27 + 0 = 0. Let o = d - -17. List the prime factors of (-4)/o + (-252)/(-20).
13
Let m(b) = b**3 + 6*b**2 + b + 6. Let r be m(-6). List the prime factors of r - (-33 - (-4 - -1)).
2, 3, 5
Let c(m) = m**3 + 3*m**2 + 4. Let t be c(-4). List the prime factors of (-1)/(1/t) + -1.
11
Let v = 3 - 1. Suppose -13 = -3*l + 4*s, 2*l + 2*s + v*s = 22. What are the prime factors of l?
7
Let q = -9 - -16. Let a = q - -1. Suppose -2*r + n + 2*n = -7, a = 2*r - 4*n. List the prime factors of r.
2
Let t = 48 + -29. Let l(p) = 7*p**3 + 2*p - 1. Let n be l(2). Suppose t - n = -4*z. What are the prime factors of z?
2, 5
Suppose 0 = 3*w - 45 - 6. List the prime factors of w.
17
Suppose -2*d + d = -56. List the prime factors of d.
2, 7
Let w be 4/(8/6) + 1. List the prime factors of 11 - w - (6 + -3).
2
Suppose 0*v + 52 = 4*v + 3*a, -v + 3*a - 2 = 0. Let m = v - 8. List the prime factors of (-56)/(-6)*3/m.
2, 7
Let d(o) = -14 + 6 - o + 17. Suppose 3*b + 3*u - 12 = 3, -5 = 5*b - u. What are the prime factors of d(b)?
3
Suppose -q + 0 = 2. What are the prime factors of 46*(q/1)/(-4)?
23
Suppose 0 = -x + 5*x - n - 18, -x + 13 = 4*n. Let k(j) = -j + 5*j**2 - 4*j - 4*j**2 + x. List the prime factors of k(6).
11
Let z = 147 - 132. List the prime factors of z.
3, 5
Let z(f) = -f**3 + 4*f**2 + 9*f + 1. List the prime factors of z(-6).
307
Suppose 0 = 5*g + n - 0*n - 15, -4*g + 11 = n. Suppose 5*i = 3*v - 24, -g*v + v - 4*i = -24. What are the prime factors of v?
2
Suppose -162 = -2*h - 56. What are the prime factors of h?
53
List the prime factors of (-5586)/95*(-3 + -2).
2, 3, 7
Let r(k) = k**3 - 7*k**2 - 4*k + 2. Let y(t) = t**2 + 2*t + 4. Let b be y(-3). Let m be r(b). Let q = m + 37. List the prime factors of q.
11
Let q be (3/6)/((-3)/(-6)). Let s(r) = 12*r + 1. List the prime factors of s(q).
13
Suppose -5*b = -0*q + 2*q - 448, 273 = 3*b - 3*q. What are the prime factors of b?
2, 3, 5
Let v(s) = s**3 - 5*s**2 + 2*s - 6. Let j be v(5). Suppose -y = j*z + 8, 4*y - 5*y = 5*z + 11. List the prime factors of y.
2
Let l(w) = -w**2 + 7*w - 7. Let t be l(5). Let a(u) = 0*u**3 + 3*u - 1 - u + 2*u**t. What are the prime factors of a(1)?
3
Let y = -61 + 96. List the prime factors of y.
5, 7
Let p(x) = -2*x - 1. Suppose -3*w + 4*w + 3*k + 4 = 0, -3 = 2*w + k. Let s = w + -4. List the prime factors of p(s).
3
Suppose 4*v - 194 = 662. Suppose 5*c - v = 3*u, 6*u = 2*u - 12. Suppose 4*g - q = c, 4*g + q - 15 = 32. List the prime factors of g.
11
Suppose -5*q + 180 = -5*j, -221 = -4*q - j - 87. List the prime factors of q.
2, 17
Let o(y) = y**2 + y - 1. Let g be 3 + -3 - (-3 - -10). Let d = g - -3. List the prime factors of o(d).
11
Let t be 6 + (6/2 - 1). What are the prime factors of (-12 + 16)*t/2?
2
Let h be 2 + 3/3 + 0. Suppose -h*s + 8*s = -5. What are the prime factors of ((-10)/(-25))/(s/(-30))?
2, 3
Let c(b) be the first derivative of -1/2*b**2 + 0*b + 1. List the prime factors of c(-6).
2, 3
Suppose -g - g = -8. Let j be (-6)/g*(-104)/6. Suppose -6 + j = 5*f. List the prime factors of f.
2
Let j(x) = -6*x - 5. Suppose 5 = 2*w + 21. What are the prime factors of j(w)?
43
Let x(s) = -278*s + 2. Let m be x(-2). List the prime factors of (-1)/2*m/(-9).
31
Let t be 82/8 + 2/(-8). Let g be (t/3)/(8/12). Let x = 8 - g. What are the prime factors of x?
3
Suppose -35 = -y - 4. List the prime factors of y.
31
Suppose -3*d - 2*y - 3*y = -116, 0 = 2*d + 4*y - 78. List the prime factors of d.
37
Let m = -18 - -28. Let u = m - 0. List the prime factors of u.
2, 5
Let x(k) = k**3 - 7*k**2 + 6*k + 3. Let a be x(6). Suppose 2*h = -a*c + 1, -c + 0*c = -4*h - 19. What are the prime factors of c?
3
Suppose 2*g + 5*x + 15 = 0, 2*g = -x - 12 - 7. What are the prime factors of 105/6*(-8)/g?
2, 7
Suppose 4*y - 2*q + 198 = 0, -3*q + 146 = -3*y - 2*q. Let s = 68 + y. List the prime factors of s.
3, 7
Let x(v) = 2*v**2 - 3*v. Suppose 9 = 4*t - t. What are the prime factors of x(t)?
3
Suppose 6 = 2*l - 8. Let w be 23/7 - 2/l. Suppose 0 = -3*i + i - n + 23, -w*i + 15 = -5*n. What are the prime factors of i?
2, 5
Let d(b) = -b + 1. Let u(n) = 2. Let s(k) = 2*d(k) - u(k). What are the prime factors of s(-5)?
2, 5
Let a be (-3*1)/((-3)/2). Suppose i + 8 = -i, a*i = -o - 4. Suppose 2*z + 20 = o*z. What are the prime factors of z?
2, 5
Let j = 17 + 62. What are the prime factors of j?
79
Let y(l) = l**2 - 3*l**2 + 2*l + 3*l**2. What are the prime factors of y(-4)?
2
Let j(h) = -h**3 - 5*h**2 - 5*h - 5. Let v = 6 - 11. Let i be j(v). Suppose 0*n - i = -5*n. What are the prime factors of n?
2
Let o = 13 - -40. What are the prime factors of o?
53
Let a(h) = -h**2 + 8*h + 13. Let n be a(9). Suppose 2*o = 2*u - 6, -3*o + 12 = -6*o. Let z = n - u. List the prime factors of z.
5
Let n be 3 + (2 - 13) + 2. Let i be (-136)/(-3) - n/(-18). List the prime factors of i/10*4/2.
3
Let t(m) = -2*m + 3*m + 2 + 2*m. Let i be t(-2). What are the prime factors of (3 - 12)*i/3?
2, 3
Let v(d) = d**2 - 4*d + 5 - 1 - 1 + 3. List the prime factors of v(6).
2, 3
Let t be (6/5)/((-14)/(-105)). Let j = t + -4. Suppose -2*v = -g + 2 + 2, -j*g + 4*v = -44. What are the prime factors of g?
2, 3
List the prime factors of 2*29 - 16/16.
3, 19
Let f(j) = 2*j**2 + 3*j - 1. List the prime factors of f(-3).
2
Let s be 4 + 8/(-12)*3. Let c be (3*19 + 1)/2. Suppose -4*b + 9*b + s*k - c = 0, 5*k + 8 = -b. List the prime factors of b.
7
Suppose 30 - 302 = -2*g. List the prime factors of g.
2, 17
Let x(m) = -m**2 + 8*m - 6. Suppose 4*a + 4*y - 16 = 5*y, 4*a - 3*y - 8 = 0. Let p be (-2)/a + 27/5. List the prime factors of x(p).
3
Let h(s) = s**2 + s + 8. Suppose -4*f = -2*g + 3*g - 3, 4*g - 12 = -f. List the prime factors of h(f).
2
Suppose -5*v + 20 = -4*v. Let l = 7 + -12. Let x = v + l. List the prime factors of x.
3, 5
Suppose 3*h = -h - 8. Let q(a) = -4*a**3 + a - 2. What are the prime factors of q(h)?
2, 7
List the prime factors of (-4 - -7)*(2 + 31).
3, 11
Suppose -2*r - 5 = 11. Let w = r - 1. What are the prime factors of (-114)/w*(-9)/(-6)?
19
What are the prime factors of ((-12)/(-7))/((-8)/(-28))?
2, 3
Let a = 15 + -27. Let q(s) = s**2 + 7*s - 2. Let m be q(-6). Let f = m - a. List the prime factors of f.
2
Let f = 144 - 72. What are the prime factors of f?
2, 3
What are the prime factors of (33/11)/(2/4)?
2, 3
Let g be 1/2*(-8 + -26). Let o = -8 - g. List the prime factors of o.
3
Let r(s) = -7*s - 1 + 3*s + 5*s**2 + 3*s + 0*s**2. What are the prime factors of r(-1)?
5
Let b = -25 - -45. Suppose -3*q = q - b. Suppose -p + 8 = 3*f - 36, -q*f + 79 = -4*p. What are the prime factors of f?
3, 5
Suppose -4*g + 25 = g, -3*w = 4*g - 272. Suppose w = 4*q - q. List the prime factors of q.
2, 7
Suppose 4*t + 1 = 13. Suppose -3*v = -3*x + 6, -t*v - v + 24 = 4*x. What are the prime factors of v?
2
Let u = 1 - 1. Suppose u + 12 = -4*a. Let b = 13 + a. List the prime factors of b.
2, 5
Let u(c) be the second derivative of c**5/20 - 7*c**4/12 + c**3 + 2*c**2 + 2*c. Let f(z) = z**2 + 5*z. Let r be f(-6). List the prime factors of u(r).
2
Suppose 20 = 3*y - 8*y. What are the prime factors of 47 - -3 - (y + 0)?
2, 3
Let a(h) = -h**2 - 8*h - 4. Let k be a(-7). Suppose k*c = 5*r + 42, 0*r = -c - 4*r + 31. List the prime factors of c.
19
Let q be 1/(32/31 - 1). Let z = 46 - q. What are the prime factors of 